se 0 = 4*z + o*f, 0 = 2*f + 7 + 3. What is the units digit of z?
5
Let v be 2/(27/(-6) + 4)*-1. Suppose 0 = -z - 3*z + 12. Let f = z + v. What is the units digit of f?
7
Suppose 4*r = 0, -3*r + 2 = 4*y - 2*y. Let q be (4*y)/((-2)/5). Let o = 16 + q. What is the units digit of o?
6
Let p(d) be the second derivative of -11*d**3/6 + d**2/2 + 2*d. Let k = 94 - 99. What is the units digit of p(k)?
6
Suppose -1793 = -15*i + 4*i. What is the units digit of i?
3
Suppose 3*z + 371 = -505. What is the units digit of ((-6)/(-12))/((-2)/z)?
3
Suppose -2*z + 0*z = 3*z. Suppose 4*f - 238 - 286 = z. What is the tens digit of f?
3
Let l(w) = 11*w + 755. What is the tens digit of l(30)?
8
Let j = -1459 - -3275. What is the units digit of j?
6
Suppose f = 2*f - 1. Let k be f/3 + 11/3. Suppose -4*s + 15 = -q + 2*q, 0 = k*s + 8. What is the units digit of q?
3
Let o(d) = 0*d**3 + 5*d - 5*d**3 + 4*d**3 + 8 + 2*d**2 + 5*d**2. Let j be o(8). Let a = 30 + j. What is the tens digit of a?
1
Let y be (-3)/6 + (-14)/(-4). Suppose 5*h + 276 + 114 = -y*n, h + 3*n = -78. Let g = -33 - h. What is the tens digit of g?
4
Let n be 1/3 - (-24)/9. Let a be 5*(1 + 2)/n. Suppose 5*i + 5*w - 106 + 31 = 0, i + a*w - 15 = 0. What is the units digit of i?
5
Suppose 0 = v - 17 - 2. Suppose 1449 = v*j - 12*j. What is the units digit of j?
7
Let j(h) = 11*h**2 + 17*h - 22. What is the hundreds digit of j(-8)?
5
Suppose 3*w + q - 872 = 149, 355 = w + 4*q. What is the hundreds digit of w?
3
Suppose 5*t - 4368 = -2*h, -14*h + 9*h + 3*t = -10982. What is the hundreds digit of h?
1
Let d be 2/19 - (-74)/19. Suppose 0 = 2*i + d*w - 9*w - 107, 3*w + 207 = 4*i. What is the tens digit of i?
5
Let j(u) = -15*u**3 - 2*u**2 - 2*u + 1. Let l be j(2). What is the hundreds digit of ((l - 1)/(-4))/(2/10)?
1
Let l(u) = 22*u**3 + 6*u**2 - 17*u + 12. What is the tens digit of l(2)?
7
Let r(h) = 5*h - 2. Let x be r(1). Suppose -x*z - 174 = -6*z. What is the tens digit of z?
5
Let h(n) = 40*n + 261. What is the hundreds digit of h(3)?
3
Let z(l) = -3*l**2 - 7*l - 3. Let a be z(-6). Let k = -34 - a. What is the tens digit of k?
3
Let l(v) be the third derivative of -v**4/6 - 7*v**3/3 + 8*v**2. What is the tens digit of l(-12)?
3
Suppose r + r = -3*z - 2, 2*z - 3*r - 16 = 0. Suppose 4*b - 50 = -z*v + 52, 3*v = -3*b + 84. What is the tens digit of b?
2
Let x(r) = 661*r**2 - r. Let p be x(1). Suppose -h = 4*h - p. What is the tens digit of h?
3
Suppose q - 244 = 7*w, -12 = w - 4*w. What is the units digit of q?
2
Suppose 28 = -5*c + 3. Let f(n) = n**3 + 8*n**2 + n + 6. What is the units digit of f(c)?
6
Suppose -x + 2255 = 5*o, 4*x = -o + 87 + 383. Let k = 704 - o. What is the tens digit of k?
5
Suppose 4*v - 1084 = -372. What is the units digit of v?
8
Let h = 1299 + -659. What is the tens digit of h?
4
Suppose 8*l - 38 + 222 = 0. Let v = l - -86. What is the units digit of v?
3
Let g(v) = -v**3 - 12*v**2 + 14*v + 14. Let b be g(-12). Let k = 216 + b. What is the units digit of k?
2
Let l(k) = 6*k + 1. Let z be l(1). Let b(y) = -19914*y + 7 + 19916*y + 5. What is the units digit of b(z)?
6
Suppose 0 = 5*k - 4106 - 3509. Suppose 83 = -10*j + k. What is the tens digit of j?
4
Let u = -17 + -8. Let a = u + 37. What is the units digit of a?
2
Let j = -48 - -29. Let g = j - -21. What is the units digit of g?
2
Let x = 10 - 78. Let i = x - -113. What is the units digit of i?
5
Let v = -8 + 10. Let z(l) = l**2 - 2*l + 3. Let i be z(v). Suppose 0 = -2*c + 3*x + 45, -i*c + 8*c - x - 93 = 0. What is the tens digit of c?
1
Let l = 254 + -17. What is the hundreds digit of l?
2
Suppose -4*m + 44 - 32 = 0. Suppose -211 = -l - m*x, -5*x = -10*x + 5. What is the units digit of l?
8
Let w = 169 + -108. Suppose -k + 40 + w = 3*z, 4*k = 5*z - 174. Suppose -5*l + 2*v + 100 = -z, -2*v - 30 = -l. What is the units digit of l?
6
Let p be 148/28 - (-6)/(-21). Suppose -5*i + p - 15 = 0. Let m(q) = q**3 + 4*q**2 - 3*q - 3. What is the units digit of m(i)?
1
Let g(t) = -15*t**3 - 5*t**2 - 29*t - 86. What is the units digit of g(-5)?
9
Let n(x) = x**2 + 6 + 5*x**2 + 9*x - 5*x - 3*x**2. What is the tens digit of n(7)?
8
Let k = 48 - -93. What is the units digit of k?
1
Let n be (-9)/(-36) + (-15)/(-4). Suppose -c - 7 = b - n*c, b = -2*c + 13. Suppose -3*w + b*w = 34. What is the units digit of w?
7
What is the thousands digit of -40 + 32 + (3 - -1265)?
1
Let j be 27/18 - (-3)/(-2). Suppose 7 = 4*a - i, j*a - 2*a - i + 5 = 0. Suppose -10 = -2*v, -x = a*v - v - 42. What is the tens digit of x?
3
Let p = 1106 + 17. What is the thousands digit of p?
1
Let f(n) = -2*n**3 - n**2 + 4*n - 3. Let m be f(2). Let g = 23 + m. Suppose g*c - 72 = 6*c. What is the units digit of c?
6
Let a be ((-10)/6)/(15/(-18)). Suppose 3*p - 283 = -5*n - p, -a*n - 2*p = -114. What is the units digit of n?
5
Let p(x) = x**2 - 4*x + 5. Let h be p(4). Suppose h*m - 720 = 3*n, 0*m - 2*n = -5*m + 715. What is the hundreds digit of m?
1
Let q = 14 + -5. Let v be (-230)/(-3) + 3/q. Suppose -5*t + v + 13 = 0. What is the tens digit of t?
1
What is the tens digit of 50 + -52 + 742*1?
4
Let h = -17 - -38. Suppose -3*t + 9 = 3*u + h, 4*u + 5*t = -17. What is the tens digit of 1*(-69)/(u - 0)?
2
Let j(p) = 59*p**2 - 3*p + 3. What is the units digit of j(2)?
3
Let m be 89*-4*8/(-32). Let b = m - 29. What is the tens digit of b?
6
Suppose 104 = 4*r - 212. Let n = -33 + r. What is the units digit of n?
6
Suppose -6*t + 749 + 145 = 0. What is the hundreds digit of t?
1
Let p be 33/12 + 1/4. Suppose -i = -p*k - 11, -2*k - 21 = -3*i + k. Let q = 6 + i. What is the tens digit of q?
1
Suppose 9*f + 276 = 13*f. Suppose 5*u + 401 = 3*h - f, h - 2*u = 156. Suppose -5*b + h = -3*o - 0*o, -2*b = -2*o - 64. What is the units digit of b?
2
Let j(g) = g + 10. Let w be j(12). Suppose 5*p - 92 = -w. Let t = p + -7. What is the units digit of t?
7
Let n be (37 - -1)*6/(-12). Let t(i) = i + 21. What is the units digit of t(n)?
2
Let a = 23 + 7. Suppose 3*l = -3*w + 159, 3*w - 99 = 3*l + a. What is the tens digit of w?
4
Let r = -81 + 332. What is the units digit of r?
1
Let x(o) = -8*o**2 + 3*o + 3. Let r(h) = 17*h**2 - 6*h - 7. Let w(y) = -6*r(y) - 13*x(y). What is the units digit of w(-2)?
7
Suppose -2*f - 8 = -6*h + 4*h, -4*f = 12. Let x = h + 147. What is the tens digit of x?
4
Let q = 51 + 3291. What is the units digit of q?
2
Let j(o) be the third derivative of o**5/60 + 11*o**4/24 - 11*o**3/3 - 5*o**2. What is the tens digit of j(5)?
5
Let y be 1 + 83 - 12/3. What is the units digit of (-36)/5*y/(-12)?
8
Let y(d) = 6*d + 20. Let b(n) = -7*n - 6. Let j be b(-2). What is the units digit of y(j)?
8
Suppose 3*o = 3*g + 9, 0 = -2*o - 2*g - 0*g + 6. Suppose -h = o*h - 68. What is the tens digit of h?
1
Let j = 111 + -212. Let g = -61 - j. What is the units digit of g?
0
Suppose 2*a - 54 + 4 = 0. Suppose -d + 0*d = -a. Suppose -3*k + 11 = -d. What is the tens digit of k?
1
Let s(l) = 10*l - 9. Let u be 86/8 - (-4)/16. Let p(t) = -t + 16. Let a be p(u). What is the units digit of s(a)?
1
Let v(r) = -r**2 + 7*r - 3. Let j be v(7). What is the units digit of 51/(-3)*(j + 1)?
4
Suppose 98*x - 96*x = 740. What is the units digit of x?
0
Let q(i) = -72 - 83 - 5*i + 105. What is the tens digit of q(-22)?
6
Let r(d) = -d**2 - 13*d + 2. Let z be r(-13). Suppose 3*w + s + 44 = w, -z*s = 5*w + 110. Let n = 16 - w. What is the tens digit of n?
3
Let w(m) = 7*m**3 + m**2 + m + 2. Suppose -2 = -6*g + 4*g - 2*x, -2*g = 4*x. What is the units digit of w(g)?
4
Let g = -1099 + 2748. What is the tens digit of g?
4
Let h be 2/(3 + -5) - -6. Let v be -2*3/(-15)*h. Suppose 4*o - 105 = -q, -2*o = -3*q - v*q - 25. What is the tens digit of o?
2
Let i(q) be the second derivative of q**5/20 - q**4/3 + q**3 - q**2 + q. Suppose -4*l = -7*l - 3*t + 27, 4*t = 4*l + 4. What is the units digit of i(l)?
2
Suppose -g - 9 + 6 = 0. Let z be (1 + g)/(6/(-21)). Suppose z*s - 2*s - 185 = 0. What is the tens digit of s?
3
Suppose -57805 = -34*c + 6489. What is the units digit of c?
1
Suppose 3*a + 3*n = 9, -a - 3*a = -2*n + 12. Let t(x) be the second derivative of -3*x**5/10 - x**4/12 + x**2/2 - 10*x. What is the units digit of t(a)?
6
Suppose -m + 4 = 0, -2*m - 137 = -5*c + 165. Let k = c + -36. What is the tens digit of k?
2
Let h(x